 of 34422174?
4
What is the ten thousands digit of 1356375759?
7
What is the millions digit of 813397422?
3
What is the units digit of 322603817?
7
What is the hundred thousands digit of 210946149?
9
What is the millions digit of 7292301?
7
What is the ten thousands digit of 1926916226?
1
What is the units digit of 147228072?
2
What is the hundred millions digit of 306367580?
3
What is the hundred millions digit of 3661306085?
6
What is the millions digit of 136343236?
6
What is the hundred thousands digit of 2412524964?
5
What is the tens digit of 159389866?
6
What is the units digit of 7002371948?
8
What is the thousands digit of 273813967?
3
What is the units digit of 47789230?
0
What is the hundred millions digit of 151737618?
1
What is the ten thousands digit of 1868729983?
2
What is the hundreds digit of 2554530210?
2
What is the hundreds digit of 44012276?
2
What is the millions digit of 4467370830?
7
What is the units digit of 40600951?
1
What is the thousands digit of 243268612?
8
What is the hundred thousands digit of 6023928?
0
What is the hundred thousands digit of 6596472120?
4
What is the tens digit of 36079456?
5
What is the hundred thousands digit of 115665261?
6
What is the units digit of 473163848?
8
What is the thousands digit of 105724691?
4
What is the hundred millions digit of 195052370?
1
What is the ten millions digit of 18275728?
1
What is the units digit of 874307559?
9
What is the millions digit of 4795799510?
5
What is the hundred millions digit of 105271923?
1
What is the ten millions digit of 1884130731?
8
What is the tens digit of 16520858?
5
What is the hundreds digit of 2140094463?
4
What is the ten thousands digit of 651173927?
7
What is the hundred thousands digit of 648091592?
0
What is the hundred millions digit of 327027197?
3
What is the units digit of 35103050?
0
What is the tens digit of 83822134?
3
What is the hundred thousands digit of 19295975?
2
What is the millions digit of 531497438?
1
What is the millions digit of 278278482?
8
What is the hundreds digit of 128666058?
0
What is the ten thousands digit of 337203206?
0
What is the millions digit of 1065122790?
5
What is the tens digit of 21320812?
1
What is the hundred millions digit of 976970140?
9
What is the ten millions digit of 12614871?
1
What is the ten thousands digit of 1610576187?
7
What is the hundreds digit of 1359862802?
8
What is the units digit of 677240511?
1
What is the thousands digit of 27803254?
3
What is the thousands digit of 478771014?
1
What is the units digit of 232243532?
2
What is the ten thousands digit of 107576662?
7
What is the thousands digit of 429752992?
2
What is the units digit of 456728578?
8
What is the ten thousands digit of 1120143087?
4
What is the ten millions digit of 781846668?
8
What is the hundred thousands digit of 1244149292?
1
What is the units digit of 194697564?
4
What is the millions digit of 6524367168?
4
What is the hundred millions digit of 263013541?
2
What is the units digit of 64415573?
3
What is the ten millions digit of 2324725511?
2
What is the tens digit of 316205558?
5
What is the millions digit of 321034677?
1
What is the ten millions digit of 2450424625?
5
What is the tens digit of 15297642?
4
What is the units digit of 357898097?
7
What is the hundred thousands digit of 4016346?
0
What is the thousands digit of 6040420019?
0
What is the millions digit of 22166283?
2
What is the units digit of 709957657?
7
What is the tens digit of 290397833?
3
What is the thousands digit of 224469791?
9
What is the thousands digit of 73579725?
9
What is the hundreds digit of 353682505?
5
What is the ten millions digit of 20161849?
2
What is the ten thousands digit of 1752408159?
0
What is the hundreds digit of 52221876?
8
What is the ten millions digit of 1614211809?
1
What is the millions digit of 899982330?
9
What is the hundred thousands digit of 1559969?
5
What is the tens digit of 1729560768?
6
What is the tens digit of 1125230622?
2
What is the hundred thousands digit of 1770051851?
0
What is the tens digit of 216360628?
2
What is the millions digit of 1395275737?
5
What is the hundred thousands digit of 243717944?
7
What is the hundred thousands digit of 46695429?
6
What is the millions digit of 1447669833?
7
What is the billions digit of 3836858888?
3
What is the millions digit of 188698642?
8
What is the tens digit of 837855836?
3
What is the units digit of 568306396?
6
What is the thousands digit of 2044513702?
3
What is the hundred thousands digit of 25949763?
9
What is the ten thousands digit of 36954358?
5
What is the tens digit of 255645919?
1
What is the tens digit of 216776941?
4
What is the hundred millions digit of 2701966563?
7
What is the tens digit of 4094276?
7
What is the ten thousands digit of 12866823?
6
What is the tens digit of 2139861596?
9
What is the thousands digit of 57244234?
4
What is the ten thousands digit of 4990966748?
6
What is the ten millions digit of 42675516?
4
What is the units digit of 42935275?
5
What is the hundreds digit of 26709074?
0
What is the ten thousands digit of 274639732?
3
What is the hundred millions digit of 503194363?
5
What is the tens digit of 6294120?
2
What is the ten millions digit of 324564329?
2
What is the thousands digit of 7189902?
9
What is the hundred thousands digit of 5303049133?
0
What is the ten thousands digit of 1115346327?
4
What is the millions digit of 13070870?
3
What is the hundred millions digit of 627877582?
6
What is the millions digit of 75413396?
5
What is the hundreds digit of 194757962?
9
What is the millions digit of 1413447029?
3
What is the ten thousands digit of 5277756?
7
What is the hundred thousands digit of 136192627?
1
What is the millions digit of 7239784?
7
What is the millions digit of 4370750511?
0
What is the thousands digit of 43408886?
8
What is the billions digit of 1544316862?
1
What is the hundred millions digit of 139506427?
1
What is the hundred thousands digit of 184145078?
1
What is the thousands digit of 907878485?
8
What is the tens digit of 47351232?
3
What is the millions digit of 2105125312?
5
What is the hundreds digit of 285522411?
4
What is the tens digit of 350548702?
0
What is the ten millions digit of 269760275?
6
What is the tens digit of 571548328?
2
What is the units digit of 703097479?
9
What is the hundred millions digit of 2524991914?
5
What is the ten millions digit of 6168277397?
6
What is the thousands digit of 58346761?
6
What is the hundreds digit of 22306689?
6
What is the hundred thousands digit of 33393751?
3
What is the ten millions digit of 45739459?
4
What is the hundred millions digit of 623909527?
6
What is the ten millions digit of 477400707?
7
What is the millions digit of 263460854?
3
What is the hundred millions digit of 361127727?
3
What is the units digit of 1987806563?
3
What is the ten thousands digit of 4136126?
3
What is the hundred thousands digit of 7675341?
6
What is the hundred millions digit of 1723726025?
7
What is the hundreds digit of 206349249?
2
What is the millions digit of 53176309?
3
What is the hundred millions digit of 417964052?
4
What is the thousands digit of 2696667050?
7
What is the millions digit of 260408628?
0
What is the hundred millions digit of 613686162?
6
What is the hundreds digit of 49524392?
3
What is the hundreds digit of 1984286585?
5
What is the thousands digit of 153947035?
7
What is the millions digit of 50349745?
0
What is the hundred thousands digit of 1839204000?
2
What is the ten millions digit of 2412422246?
1
What is the millions digit of 39862556?
9
What is the ten thousands digit of 120815396?
1
What is the units digit of 86908122?
2
What is the hundred millions digit of 620607699?
6
What is the ten thousands digit of 276108024?
0
What is the ten millions digit of 107625528?
0
What is the ten thousands digit of 133483357?
8
What is the millions digit of 2529824198?
9
What is the tens digit of 6755074212?
1
What is the hundreds digit of 1572672414?
4
What is the units digit of 165916351?
1
What is the billions digit of 3551855535?
3
What is the billions digit of 1485703254?
1
What is the units digit of 391662274?
4
What is the ten thousands digit of 588271519?
7
What is the ten millions digit of 7865767